2. What are the prime factors of p(-14)?
7, 13
Let s = 2 - 8. Let a be (336/(-15))/(s/30). Suppose -6*w + a = -2*w. What are the prime factors of w?
2, 7
Let m(l) = 6*l**2 - 8*l + 32 - 12 - 13. List the prime factors of m(5).
3, 13
Let m = -16 - -26. Suppose m*g - 6*g = 272. Suppose 0 = -10*i + 6*i + g. List the prime factors of i.
17
Suppose 21 = 3*y + t - 0*t, 28 = 4*y - 4*t. Suppose y*k = 2*k + 300. What are the prime factors of k?
2, 3, 5
Suppose -p = -0*p + 4*t - 7, 6 = 3*t. List the prime factors of p/(2*(-4)/8)*116.
2, 29
Let m = -44 - -46. Suppose -m*t + 39 = -9. What are the prime factors of t?
2, 3
Let f = 208 - -393. List the prime factors of f.
601
Let z = -92 - -126. Suppose -z*j + 301 = -33*j. List the prime factors of j.
7, 43
Let b be ((-30)/25)/(3/(-10)). Suppose 5*u - b - 211 = 0. List the prime factors of u.
43
Let x(l) = -2*l**3 + 3*l**2 - 8*l + 9. Let n be x(6). Let z = -206 - n. List the prime factors of z.
157
Let n be (4/(-5))/((-22)/55). Suppose -n*o + l + 6 = 4*l, -o = l - 4. Suppose -o*s + 72 = -24. What are the prime factors of s?
2
Suppose 0 = -2*l + 3*l + 4*s - 20, -4*l + s = -29. Suppose 0 = 5*f - 2 - l. Suppose -f*a + 7*a - 15 = 0. What are the prime factors of a?
3
Let x(t) = 18*t**2 + t. Let s be x(1). Suppose o - s = 3*u - 2*u, -3*o - 2*u = -57. Let n = o - 2. What are the prime factors of n?
17
Let c be 4/(-2) - (-15 - -8). Suppose 3*q - 2*v - 145 = 31, v = c. List the prime factors of q.
2, 31
Let o = 295 - 117. Let n = o - 122. Suppose 0 = 3*s - 12, -s + n = 4*a - 5*s. What are the prime factors of a?
2, 3
Let x = 6 + -1. Suppose -122 = -2*a + 5*y, 282 = x*a - 0*y - y. List the prime factors of a.
2, 7
Let v = 25 + 117. Suppose -3*n + 5*w = v, 2*n + 124 = -5*w + w. List the prime factors of 4 - (2/(-2) + n).
59
Let g = -787 - -1371. List the prime factors of g.
2, 73
Let x(o) = o**3 + 38*o**2 - 42*o + 14. List the prime factors of x(-39).
131
Suppose 43 = 3*i + 4*w, -3*i + w = 2*i - 64. Let y = 3 - i. What are the prime factors of (6/y)/(3/(-45))?
3
Let w = -203 - -767. What are the prime factors of w?
2, 3, 47
Let a = 41 + -121. Let v = a + 216. What are the prime factors of v?
2, 17
Let j(w) = 2*w**2 - 2*w + 21. What are the prime factors of j(12)?
3, 5, 19
Let r = 54 + -39. Suppose -5*v + 375 = 5*h, -3*v + r = -h + 102. What are the prime factors of h?
2, 3, 13
Let y = -26 - 58. Let g be y/(-10) + 18/(-45). Suppose 13*o = g*o + 160. What are the prime factors of o?
2
Let n(a) = -158*a**2 - 5*a + 2. Let u be n(3). Let z = 118 - 160. What are the prime factors of 2/(-12) + u/z?
2, 17
Suppose 0 = 8*o - 9*o - 160. Let l = o + 249. What are the prime factors of l?
89
Suppose 2*b = 5*m - 22, 5*b + m = 3*m - 97. Let r be (4/(-12)*b)/1. Suppose 10*x = r*x + 129. What are the prime factors of x?
43
Let x(q) = 5*q**2 + 58*q + 24. Let r be x(-12). Suppose -60 = 5*h - 505. Let b = h - r. What are the prime factors of b?
41
Suppose -5*p = 16 - 6, -4*a + 242 = 5*p. Suppose 135 = w - a. List the prime factors of w.
2, 3, 11
Suppose -18*i + 2127 = -17*i. What are the prime factors of i?
3, 709
Let x = -1 + -2. Suppose 3*h + 2*g = 49, -8 - 13 = -2*h + g. Let b = h + x. List the prime factors of b.
2, 5
Let v = -9 - -13. Suppose 4*i + 15 = g + 4, 7 = -v*g - i. What are the prime factors of g*((-32)/2 + 0)?
2
Let b be 22/(1*(-4)/(-6)). Let i = 318 - b. What are the prime factors of i?
3, 5, 19
Suppose -5*c = -8 - 12. Suppose -4*p = o - c, 3*p + 3*o + o - 16 = 0. Suppose 2*f = -p*f + 122. What are the prime factors of f?
61
List the prime factors of 2/((-8)/28)*(-16 - 485).
3, 7, 167
Suppose -5*a = d + 220, 3*a - 36 = -5*d - 168. List the prime factors of ((-297)/a)/(3/16).
2, 3
Suppose 0 = 2*m + 82 - 72. What are the prime factors of (m/(125/40))/((-2)/40)?
2
Suppose 5*r - 30*r = -47550. What are the prime factors of r?
2, 3, 317
Suppose -3*m + 9341 + 1505 = -5*l, 0 = -3*l + 12. What are the prime factors of m?
2, 1811
Suppose 6613 = 16*h - 1787. List the prime factors of h.
3, 5, 7
Let y = -71 - -73. Suppose 0 = 2*x - 5*a - 486 + 88, -y*x - 4*a + 380 = 0. What are the prime factors of x?
2, 97
Suppose -6 = -4*s - 2, -s = -2*w + 23. List the prime factors of w.
2, 3
Let f(m) = -10*m - 14. Let l be f(-6). Suppose -4*q + 2*a = -32, -5*q + 0*q + a + l = 0. List the prime factors of q.
2, 5
Suppose -5*b + 143 = -3*c + 2*c, 0 = -3*b - 2*c + 78. Suppose -2*v = -m - 7, -5*v + b = m - 0*m. What are the prime factors of (v + 6)/((-2)/(-6))?
3, 11
List the prime factors of (-56295)/(-45)*2/3.
2, 3, 139
Let j(k) = -k**2 - 48*k - 5. What are the prime factors of j(-26)?
3, 7
Let a(x) = x**3 + 10*x**2 + 3*x + 20. Let z be a(-10). List the prime factors of 6/15 - 356/z.
2, 3
Let a be (2 - 2)*(-6)/((-18)/(-3)). Suppose a = 3*h - 15*h + 4104. List the prime factors of h.
2, 3, 19
Let l be 17092/20 + 2/5. Suppose 3*d = 7*n - 4*n + 543, 5*d + 5*n - l = 0. What are the prime factors of d?
2, 11
Let d be (-2)/9 + 512/36. Let b be d*3*(-3)/(-18). Suppose 220 = -2*m + b*m - 5*w, 2*m + 5*w = 95. List the prime factors of m.
3, 5
Let o = -11 + 6. Let p = 29 - o. What are the prime factors of p?
2, 17
Suppose 4*f - 3*l = 3312, 10*f - 12*f = 4*l - 1678. List the prime factors of f.
3, 277
Let s = -268 - -264. Let k(c) = -2*c - 27. Let v(o) = o + 13. Let m(t) = 4*k(t) + 9*v(t). What are the prime factors of m(s)?
5
Let o = 1506 + -313. What are the prime factors of o?
1193
Let r(u) = 6*u**2 + 45*u + 6. What are the prime factors of r(-12)?
2, 3, 5, 11
Suppose -2*t + 33 = 25. Let l(q) = -14*q - 8. Let u be l(t). Let n = u - -100. List the prime factors of n.
2, 3
Suppose 4*p - 228 = c, 5*p = 2*p + 5*c + 171. Suppose p + 13 = 2*z. What are the prime factors of z?
5, 7
Suppose 0 = 4*w - 20, 5*w - 60 = -4*t + w. Suppose 112 + t = 2*v. List the prime factors of v.
61
Let l(v) = 2*v**2 - 9*v - 18. What are the prime factors of l(16)?
2, 5, 7
Suppose 5*d = 2*d + 1275. Suppose 6*f - d + 143 = 0. List the prime factors of f.
47
Let w(x) be the third derivative of 19*x**4/24 - 19*x**3/6 - 14*x**2. What are the prime factors of w(6)?
5, 19
Let z = 137 + -141. What are the prime factors of 4*(-2)/z - -17?
19
Let t be (-2)/(-6) - (-53)/3. Suppose 4*j - 74 = t. What are the prime factors of j?
23
Let u be -5 + (-3 - 97)/4. What are the prime factors of ((-36)/u)/(4/470)?
3, 47
Let a = -12 + 18. Suppose i = 9 - a. Suppose -2*n - 5*j - 14 = 7, i*n + 4*j + 14 = 0. List the prime factors of n.
2
Let u(a) = -21*a - 3. Let m(h) = -h. Let q(w) = -89*w - 12. Let z(d) = 6*m(d) - q(d). Let i(g) = -9*u(g) - 2*z(g). List the prime factors of i(2).
7
Let y(o) = o**3 - 4*o**2 + 8*o - 3. Let t be y(2). Suppose -3*v + t*w + 886 = 0, 10*w + 595 = 2*v + 11*w. List the prime factors of v.
3, 11
List the prime factors of (-13589)/(-4) + ((-14)/(-8) - 2).
43, 79
Suppose -2*b - 9 = -3*z, b - z + 5 = -0*b. What are the prime factors of (-1212)/60*(b - (-1 - 0))?
101
Suppose -72 = -2*r + l, 5*l = 4*r - 62 - 82. Let f = r - -6. List the prime factors of f.
2, 3, 7
Suppose -2*v - t + 196 = -3*t, -2*v + 186 = -4*t. Let h = -20 + v. Suppose -2*r + 38 = 2*f, h = 4*f - 3*r - 0. List the prime factors of f.
2, 5
Suppose 3*n = 3*c - 0*n - 9, 3*n = 0. Suppose -3*v - c*m = v - 631, v - 160 = -3*m. What are the prime factors of v?
157
Suppose 5*d - 2*g = 15, -2*d - g = d - 20. Suppose 0*j = -4*j + 5*b + 459, 0 = -d*b + 5. What are the prime factors of j?
2, 29
Let z(j) = -281*j + 70. List the prime factors of z(-3).
11, 83
Let q = -485 - -1178. What are the prime factors of q?
3, 7, 11
Let u(r) = -2*r**3 + 11*r**2 + 10. Let b be u(8). Let l = b - -495. List the prime factors of l.
5, 37
List the prime factors of 5 + 13*(33 + (-10)/5).
2, 3, 17
List the prime factors of (1911 + 8 - 3) + -10.
2, 953
List the prime factors of 15245/4 + (-11 - (-468)/48).
2, 3, 5, 127
Suppose 3*y - 3*g - 1587 = 0, 49*y - 44*y + g - 2645 = 0. List the prime factors of y.
23
Let q = 1914 + 1409. What are the prime factors of q?
3323
Let u be 0*(2/3)/2. Suppose -5*a + 5*q + 585 = u, 0 = 2*a + 4*q + 109 - 325. List the prime factors of a.
2, 3, 19
What are the prime factors of 1/((-16)/(-12)) - 5545/(-4)?
19, 73
Let f(t) = -14*t + 3. Let w be f(-7). Let n = w - 48. What are the prime factors of n?
53
Suppose -3*a = 